it of (-264)/72*m/(-2)*-88?
8
Let c(t) = -101*t**2 + 5*t - 5. Let k be c(1). Let b = 67 + 190. Let l = b + k. What is the units digit of l?
6
Let t = 321 - 447. What is the units digit of (734 + 1)/(t/(-84))?
0
Let i = -89 + 94. Suppose 0 = 5*l + x + 1259, -i*l - x = 4*x + 1255. Let n = l - -424. What is the units digit of n?
2
Let y(s) = 324*s**2 - 39*s - 156. What is the units digit of y(-4)?
4
Suppose 0 = 88*f - 84*f + 4*x - 13468, 4*x - 8 = 0. What is the tens digit of f?
6
Let k(d) = 75*d + 3. Let v be k(5). Suppose 3*q + v = 6*q. What is the units digit of (-5)/(-2)*q/7?
5
Let r = -360 - -384. Suppose -20*v = -r*v + 3280. What is the tens digit of v?
2
Let o(j) = -4*j**3 + 4*j**2 - 13*j - 1. Let q = -42 + 37. What is the tens digit of o(q)?
6
Suppose -61*s + 208624 = -35*s. What is the hundreds digit of s?
0
Let m(s) = 7*s + 28. Let p be m(-4). Let n = -10 + p. What is the tens digit of 189 + n/(-1 + -1)?
9
Let j be 6/(-36)*3*1772. Let r = -326 - j. What is the tens digit of r?
6
What is the hundreds digit of 7580 - -6 - -16 - (-2 + 8)?
5
Let m(o) = 31*o**2 - 41*o + 14. Let k(f) = 16*f**2 - 21*f + 7. Let z(c) = -5*k(c) + 3*m(c). What is the units digit of z(3)?
0
Let q(w) = -116*w**2 - 7*w. Let i(j) = 3*j**2 + 5. Let h be i(-2). Let p(s) = -349*s**2 - 20*s. Let t(d) = h*q(d) - 6*p(d). What is the units digit of t(-1)?
1
Let j be (44/(-6))/((-2)/(-6)). Let v be 47 - ((-60)/((-12)/2))/(2 - 0). Let s = j + v. What is the tens digit of s?
2
Let l = 266 + -261. Let i(t) = 156*t + 128. What is the hundreds digit of i(l)?
9
Suppose c = 3*x + 110, -4*c + 427 = -0*c + x. Suppose 3*i - 214 = -2*q - i, -5*i = -q + c. Suppose -4*m + 129 = -q. What is the units digit of m?
9
Suppose 0 = -2*n - 4*n + 30. Suppose -t + n*y = -257, 0 = -0*t + t - 3*y - 251. What is the hundreds digit of t?
2
Let j = 52594 + -17009. What is the tens digit of j?
8
Let u = 285 - 558. Let o(n) = 10*n**3 - 6*n**2 - 10*n + 2. Let f be o(-2). Let s = f - u. What is the tens digit of s?
9
Suppose -135*d + 142*d = 1064. Suppose 9*f - d = 9217. What is the hundreds digit of f?
0
Suppose -2*l + 32 = -0*l - 3*u, -46 = -2*l - 4*u. Suppose l*z - 14*z = 0. Suppose z = 3*k + 4*i - 20, -4*k = -k - 5*i - 29. What is the units digit of k?
8
Let d(l) be the first derivative of 4*l**3/3 - 2*l**2 - 36*l - 67. What is the units digit of d(-5)?
4
Let h(s) = 256*s**2 - 16*s - 17. What is the units digit of h(-6)?
5
Suppose 0*y = -3*y + 3. Let r be 1/(-2)*y/((-3)/12). Suppose -10*k - r = -12*k. What is the units digit of k?
1
Suppose -49*t + 6 = -47*t. Suppose 0 = -j - t*w, -2*w + 4*w = 0. Suppose -6*d - 4*d + 1550 = j. What is the tens digit of d?
5
Suppose 0 = 2*y - 51 + 33. What is the units digit of 242 - (y - (4 + 0))?
7
Suppose 2 - 10 = 2*o. What is the tens digit of o*60/(-1 + (-5)/(-15))?
6
Let y = 45773 - 21854. What is the tens digit of y?
1
Suppose 5*w - 119022 - 83313 = -5*x, -3*w + 161865 = 4*x. What is the thousands digit of x?
0
What is the tens digit of 260/6*(-20 + 29 + 0)?
9
Suppose 10*j - 2*j = 32. Let d be j/12 + 116/12. Let w = 43 - d. What is the units digit of w?
3
Suppose -201*s = -23*s - 518158. What is the thousands digit of s?
2
Suppose r + 31 = h + 6*r, 0 = -5*h + 3*r + 99. Let x = -139 + 135. Let p = h - x. What is the tens digit of p?
2
Let o = -62838 - -111726. What is the units digit of o?
8
Let h(o) = 35*o**3 - 3*o**2 - 97*o + 1028. What is the thousands digit of h(10)?
4
Suppose -2*q + 16626 = 2*z, -18*z - 33243 = -22*z + 5*q. What is the thousands digit of z?
8
Let g(u) = -u**3 - 64*u**2 - 229*u + 241. What is the tens digit of g(-74)?
4
Let j = 9109 + 1995. What is the units digit of j?
4
Suppose -2*w + 5*y + 114502 = 30751, 0 = 4*w + 5*y - 167427. What is the units digit of w?
3
What is the tens digit of ((-1356)/10)/((-651)/8680)?
0
Let c be ((-46)/92)/(1/(-34)). Let x(f) = -f**2 + 22*f - 32. What is the units digit of x(c)?
3
Let x be (-1)/2 - 49040/(-32). Let r = 12 + -7. Suppose -r*y - 447 = -x. What is the units digit of y?
7
Let j be (-3 - -3) + 1 + 14 + -6. What is the hundreds digit of j/(205/51 - 4)?
4
Let p(v) = -3*v**2 - 1. Let j be p(-1). Let o = 804 - -2484. What is the units digit of ((-2)/j)/(3/o*4)?
7
Let j be 33*40/45*-6. Let l = j + 617. What is the tens digit of l?
4
Let c be 1*-3 - 63/(-9). Suppose c*o + 44 = -2*m, -3*m + 3*o - 46 = 4*o. Let n = 80 + m. What is the tens digit of n?
6
Let c(k) = 35*k**3 - 12*k**2 + 49*k - 318. What is the thousands digit of c(9)?
4
Suppose -26*p + 19235 + 16914 = -5581. What is the tens digit of p?
0
Let u be (-98)/(-34) - 26/(-221). What is the hundreds digit of 325/(-39)*u*(1 + -31)?
7
Let z(n) = 3*n**2 - 6. Let c(b) = 4*b**2 - b - 7. Let o(p) = -4*c(p) + 5*z(p). Let m be o(2). Suppose -100 = m*w - 104. What is the units digit of w?
2
What is the units digit of (42/(-4))/((-501630)/33440 + 15)?
4
Let m(x) = 3*x**2 + 2*x. Let u be m(-2). Suppose -5*t = u*t - 11362. What is the tens digit of t?
7
Let r be 2 - 2*4/(-8). Suppose -r*t + 4*t + 4*o - 23 = 0, -4*o = -20. What is the units digit of -6*(-33)/18*t?
3
Suppose -o + 21890 = 5*b, 39*o - 44*o - 8729 = -2*b. What is the tens digit of b?
7
Suppose -17*p + 136 = -0*p. Suppose p*q - 742 - 10218 = 0. What is the thousands digit of q?
1
Suppose 2*o - 10 = 5*y, -2*y = -3*o + y + 15. Suppose 0*z = z - o. What is the tens digit of (119 - 2) + (z - 8)?
1
What is the tens digit of 220670/25 + (-72)/(-60)?
2
Suppose -124601 = -9*i - 48470. What is the thousands digit of i?
8
Let w = -53 + 23. Let y = w - -54. Let h = y - -74. What is the units digit of h?
8
Let k be ((-54)/(-6) - 1)*203/2. Suppose k = -0*l + 4*l. What is the units digit of l?
3
Suppose -487609 = -22*j - 136775. What is the ten thousands digit of j?
1
Suppose 4*x - 98102 = -3*w, -31*x + 34*x - 3*w = 73545. What is the ten thousands digit of x?
2
Let q = 66 - 156. Suppose -j + p = 119, 5*p - 473 = 4*j + 2*p. Let w = q - j. What is the units digit of w?
6
Let o(n) be the second derivative of 7*n**4/12 + 5*n**3 - n**2 - 74*n. What is the hundreds digit of o(-9)?
2
Let a be 742/(-49) - 1/(-7). Let j be (18/a)/((-6)/15). Suppose -4 = -j*w + 23. What is the units digit of w?
9
Let m = 4335 + -2277. What is the units digit of m?
8
Suppose -18*q - 361 = q. What is the units digit of (1/2)/((133/(-5334))/q)?
1
Let a be ((-1089)/(-18))/((-2)/(-8)). Let o(y) = y**3 + 248*y + 3*y**2 - a*y - 3 + 5*y**2. What is the tens digit of o(-5)?
4
Let b = 463 - 371. What is the thousands digit of (0 - 2302/8)/((-23)/b)?
1
Let h be ((-1)/2)/((-3)/(10 + 14864)). Suppose -7*o - x + h = -5*o, -3*o = -x - 3706. What is the thousands digit of o?
1
Let w(b) = 11*b + 10. Suppose -4*r + 113 = 5*t + 12, t = 5. What is the tens digit of w(r)?
1
Let i(t) be the second derivative of -t**4/12 - 3*t**3/2 + 25*t**2/2 + 13*t. Let w be i(-11). Suppose -w*k = -84 + 9. What is the tens digit of k?
2
Let t be (-5)/(-4) + (-10)/40. What is the tens digit of 4340/80*4/t*1?
1
Let z be 11 + -4 - (-4)/(-2). Let t be (-15)/25 + 1 - (-13)/z. Suppose 0*q + t*q = 5*k - 363, k - 73 = q. What is the tens digit of k?
7
What is the thousands digit of (-553408)/96*27/(-9)?
7
Let m(x) = 19466*x**3 + 3*x - 2. What is the thousands digit of m(1)?
9
What is the tens digit of (-36363360)/(-1261) - ((-1)/(-3) + 16/(-39))?
3
Suppose -36*s - 20284 = -80*s. What is the units digit of s?
1
Let q = 184 + -184. Suppose -441*v + 428*v + 2353 = q. What is the hundreds digit of v?
1
Suppose 3*y = 3*h - 6884 + 58247, -5*y + 2*h = -85611. What is the hundreds digit of y?
1
Suppose -4*d = -d + 9. Let i be (92/d)/((5 + -7)/6). Suppose 4*x - 188 - i = 0. What is the tens digit of x?
7
Suppose 261*p = 334*p - 1041345. What is the units digit of p?
5
Let u = -3928 + 21813. What is the tens digit of u?
8
Let s = 384 - -210. Let o = s - 184. What is the units digit of o?
0
Let y = 72 + -55. Let c(q) = 23 + 2*q - 3*q + y. What is the tens digit of c(24)?
1
Suppose 2*g + 3*p = 86634, -32*g + 173238 = -28*g + p. What is the ten thousands digit of g?
4
Let r = -691 - -1306. Let b = r + -339. What is the tens digit of b?
7
Suppose -4*p + 2130 = p. Let n be (2 + -1)*(-1 - -4). Suppose -n*g = -9*g + p. What is the units digit of g?
1
Let v(g) = -72*g + 3252. What is the hundreds digi